 + 4*n**2 - 14*n. Let c(w) = -4*w**2 + w. Let p be c(-1). What is the units digit of z(p)?
3
Suppose 10 = 3*w + z + z, 0 = -3*w - z + 8. Suppose -4*h = 3*v + 1, 0*h - w*h + 5*v = 7. What is the units digit of 35 - (-3)/h - -2?
4
Suppose -263*o = -283*o + 67160. What is the tens digit of o?
5
Let j(h) = 3*h - 19. Let q be j(7). Suppose s - i - 92 = q*i, 5*s - 2*i - 460 = 0. What is the units digit of s?
2
Suppose -2*w = w - 174. Suppose n - w - 4 = 0. What is the units digit of n?
2
Suppose 4 = 3*c + 3*l + 2*l, 2*l = -3*c + 7. Suppose 0 = -c*b - b + 3*h + 738, 5*b = 3*h + 921. What is the hundreds digit of b?
1
Let n(h) = 15*h - 165. What is the units digit of n(16)?
5
Let y = 170 + -46. Suppose 2*a = 2*p + 3*a - y, -199 = -3*p + 5*a. What is the units digit of p?
3
Let n be 4 + 22/4*18. Suppose -5*t = 38 - n. What is the units digit of t?
3
Let k be ((-54)/(-15))/((-4)/(-20)). Suppose 536 = 22*a - k*a. Suppose 18 = z - 5*t - 14, 4*t - a = -3*z. What is the tens digit of z?
4
Let d(t) = -5*t + 35. Let b be d(-11). Let f = 250 - b. What is the tens digit of f?
6
Suppose 4*u - 5*m - 18868 = -2*m, -5*u = -4*m - 23584. What is the hundreds digit of u?
7
Let n = 14 - 12. Suppose 0 = -n*w + 6*w - 16. What is the units digit of w?
4
Let h(z) = -z**3 + 11*z**2 - 7*z + 12. Let m be h(10). Suppose -x + m = x. What is the units digit of x?
1
Let n(f) = 18*f + 9 + f**3 - 5 + 16*f**2 - 2*f**2 - 3*f**2. What is the units digit of n(-7)?
4
Suppose -40 = 4*f + o, -3*f + 5*o - o = 49. Let q = 0 - f. What is the units digit of q?
1
Let x(f) = 24*f - 70. What is the tens digit of x(51)?
5
Let o = 2 - -3. Suppose o*p - 15 = 5. What is the units digit of (p/(-6))/((-1)/45)?
0
Suppose p = -8 - 73. Let h = 153 + p. What is the units digit of h?
2
Let i(t) be the third derivative of t**5/60 + t**4/8 + 119*t**3/6 - 3*t**2. What is the tens digit of i(0)?
1
Suppose 0 = 3*l + l - 12. Suppose -l*g = -2*g + 15. What is the tens digit of (g/(-10))/((-3)/(-28))?
1
Suppose 4*a - 1231 = -3*n, -5*n + 5*a = -0*n - 2075. Let f = -198 + n. What is the units digit of f?
5
Suppose -4*f = -5*p - 52, -3*p - 83 = -5*f - 18. Let r be f + (-2)/1 + -3. What is the tens digit of 19 + 6*4/r?
2
Let o be 6/(-3) - 874/2. Let r = 634 + o. What is the tens digit of r?
9
Let g = 9 + -7. Suppose 3*w - 10 = -g*c, 3*w - 12 = -3*c - 0*c. Suppose -2*j - 46 = -w*f, 2*j = -2*f + 6*f - 94. What is the tens digit of f?
2
Let q(m) be the third derivative of m**6/60 - m**5/20 - m**4/8 + 2*m**2 + 140. Suppose -d + 3*j - 9 = 0, -2*d - j = 2*j - 18. What is the tens digit of q(d)?
1
Let d = -89 - -729. What is the units digit of d?
0
Suppose -11*g + 4*o + 61448 = 0, -2*g - 8*o + 4*o + 11196 = 0. What is the hundreds digit of g?
5
Suppose 0 = -5*o + a - 128, 0 = 2*o + 2*a + 2*a + 38. What is the tens digit of (13 + 1)/((-2)/o)?
7
Suppose 0 = 2*u + x, x - 3 = 3*u + 4*x. Suppose 85 = 3*k + u. What is the units digit of k?
8
Let t(y) be the second derivative of -y**4/12 - 31*y**3/6 - 21*y**2 + 2*y + 2. What is the tens digit of t(-17)?
9
Let c(i) = i**3 - 6*i**2 + 6*i + 3. Let h be c(5). What is the units digit of (-114)/8*h/(-6)?
9
Let i be -2 - (2 - -2 - 29). Suppose 6*x = i*x - 646. What is the tens digit of x?
3
Let h = -21 - -27. Let k(j) = j**2 + j. What is the units digit of k(h)?
2
Let z(n) = -n**3 - 10*n**2 - 14*n + 4. Let x be z(-11). Suppose -3*s = -x - 339. What is the hundreds digit of s?
2
Let f be (-6)/(3 + (-2)/2). Let x(i) = -3*i**3 - 4*i**2 - i + 2. Let s be x(f). Suppose s - 11 = y + 4*b, -5*y - 2*b + 123 = 0. What is the tens digit of y?
2
What is the thousands digit of ((-23)/((-46)/5))/((-1)/(-614))?
1
Let q be (-6)/(-1) + (1 - -2). Suppose -c = -3*w - q - 5, -c + 2*w = -13. Suppose -c*j + 7*j + 132 = 0. What is the units digit of j?
3
Let y(l) = l**2 + 6*l + 9. Let u(m) = 2*m + 22. Let q be u(-10). Suppose 2*p = q*g + p + 14, g - 4*p = -7. What is the units digit of y(g)?
6
Let n(j) = -1 + 4 + 6*j + 4 - j**2 + 0*j**2. Let d be n(6). What is the units digit of -1 + 28 + (5 - d)?
5
Suppose -5*n = 4*b + 137, -b = n - 2*b + 31. Let f = 67 + n. What is the units digit of f?
8
What is the units digit of (7 - -1)*2 - -1?
7
Suppose 0 = -17*j + 3 + 65. What is the tens digit of 0/(2 + 0) + j + 39?
4
Suppose 5*c - 28 = 2. Suppose c*l - 10*l = -144. What is the tens digit of l?
3
Suppose -614 + 110 = -2*t. Suppose -s + t = 6*s. What is the tens digit of s?
3
Let h = -5 - 6. Let g = -15 - h. What is the units digit of g/14 - (-1650)/42?
9
Suppose 0 = 2*u + 4*a - 132, 6*u - 46 = 5*u + 3*a. Suppose -3*s - u = h - 2*h, 0 = 2*h - 4*s - 106. What is the units digit of h?
3
Let t = 36 + -51. Let f = -5 - t. What is the units digit of f?
0
Suppose 8*u - 1580 = -348. Suppose 5*l + 5*v - 385 = 0, -l - l + u = 4*v. What is the tens digit of l?
7
Suppose -3*z + 2310 = 11*z. Let h = -201 + 103. Let j = z + h. What is the tens digit of j?
6
Suppose l + 25 = 6*l, 2*l - 2 = s. Let x be (0 + 1)/(4/s). Suppose x*f = 8 + 30. What is the units digit of f?
9
Let s(x) = 7*x - 8*x + 5 - 3. Let j be 6*(-3)/(27/6). What is the units digit of s(j)?
6
Let p(g) = -g**3 + 26*g**2 - 30*g + 13. What is the tens digit of p(12)?
6
Let r(w) = 4*w**2 - 5*w - 30. What is the units digit of r(11)?
9
Suppose -2599 = -4*d + 1725. Suppose 0 = -6*p - 187 + d. What is the tens digit of p?
4
Let m be (-2)/8 + (-74)/(-8). Let y = -308 - -309. Suppose -o + m = -y. What is the tens digit of o?
1
Let p be (32/10)/(4/10). Suppose 3*x + p = 5*x. What is the tens digit of 24/2*x/4?
1
Let a(h) be the third derivative of h**5/20 - h**4/3 + 7*h**3/6 + 7*h**2. Let b be a(5). Suppose 3*y + g = b, -3*y + 15 = -g - 27. What is the tens digit of y?
1
Let g be 8/3*15/(-10). What is the tens digit of 1/g - (-1530)/40?
3
What is the hundreds digit of (-1)/(-5) + -6 + 13795/25?
5
Let p be 2*3/18*6. Let c(a) = p*a - 6*a + 8*a**2 - a - a**3 - 2. What is the units digit of c(6)?
0
Let s(l) = l**3 + 8*l**2 + 2*l - 3. Suppose -2*w = 3*w + 5. Let y = -6 + w. What is the units digit of s(y)?
2
Let a(f) = f**3 + 20*f**2 + 35*f + 34. What is the units digit of a(-17)?
6
Let c(n) = -10*n**2 + 4*n**2 - 4 - 2*n + 8*n**2. What is the tens digit of c(8)?
0
Let b = 15 - 67. Let w = b + 82. What is the tens digit of w?
3
Let w(x) = 15*x**2 - 11*x - 35. What is the tens digit of w(10)?
5
Let n(s) = -3*s - 16. Let l be n(-6). Let m be ((-3)/(-6))/((-1)/l). What is the tens digit of (m + 0)*111/(-3)?
3
Let c(u) = u - 8. Let v = -21 - -29. Let m be c(v). Suppose -3*l = 4*f - 62, -6*l + l + 5*f + 45 = m. What is the tens digit of l?
1
Let s(m) = 4*m + 8. Let d be (1 + (-15)/3)/1. Let x be s(d). What is the units digit of x*(1 - 2)/2?
4
Let i(o) = o**3 - 8*o**2 + o - 6. Let h be i(8). Suppose h*u + 48 = 5*u. What is the tens digit of (-1)/(-2) + 504/u?
3
Let c = 432 + 57. What is the hundreds digit of c?
4
Suppose 5*u = -m - 3*m + 368, 4 = 2*m. Let c = u - 50. Let x = 32 - c. What is the tens digit of x?
1
Suppose 1 = i - 68. Suppose 2*a + a = -i. Let w = a + 36. What is the tens digit of w?
1
What is the tens digit of (150 + (1 - 3))*(6 + -1)?
4
Let x(q) = 123*q**2 - 40*q - 128. What is the thousands digit of x(-3)?
1
Suppose -4*y - 46 = -46. Suppose -7*q + 2*q + 5*r + 230 = y, 0 = -2*q - r + 77. What is the units digit of q?
1
Let d = 688 - -81. What is the tens digit of d?
6
Suppose -8 = -5*u + 7. Suppose w + 3*w = m + 9, -2*m + u*w - 3 = 0. Suppose 1 = 4*y - m. What is the units digit of y?
1
Suppose -5*c - 2205 = -4*k, -k + 466 + 95 = 2*c. What is the hundreds digit of k?
5
Suppose 5*u = 0, 3*u + 3064 - 12579 = -5*d. What is the hundreds digit of d?
9
Suppose 0*v = 5*v - 5. Let u be (-4 - -2) + v + 21. Suppose -h = -15 - u. What is the units digit of h?
5
Let l(n) = 43*n**2 - 29*n + 91. What is the hundreds digit of l(9)?
3
Let b = -1638 + 2391. What is the tens digit of b?
5
Suppose -18*a - 294 = -21*a. What is the tens digit of a?
9
Let b = 16 + -7. Let u be 2/b - (-160)/9. Let i = -9 + u. What is the units digit of i?
9
Let k be ((-34)/(-3))/(4/60). Suppose 0 = 2*y - 12 - k. What is the units digit of y?
1
Let c(k) be the third derivative of k**6/144 + k**5/40 + k**4/6 + 3*k**2. Let i(m) be the second derivative of c(m). What is the units digit of i(2)?
3
Suppose -4*v - 2